{"id":4201,"date":"2026-02-12T12:05:12","date_gmt":"2026-02-12T15:05:12","guid":{"rendered":"http:\/\/link.dalicechocolates.com.br\/?page_id=4201"},"modified":"2026-04-17T09:59:47","modified_gmt":"2026-04-17T12:59:47","slug":"home","status":"publish","type":"page","link":"https:\/\/link.dalicechocolates.com.br\/","title":{"rendered":"home"},"content":{"rendered":"\t\t<div data-elementor-type=\"wp-page\" data-elementor-id=\"4201\" class=\"elementor elementor-4201\">\n\t\t\t\t<div class=\"elementor-element elementor-element-630a748 e-flex e-con-boxed e-con e-parent\" data-id=\"630a748\" data-element_type=\"container\" data-e-type=\"container\">\n\t\t\t\t\t<div class=\"e-con-inner\">\n\t\t<div class=\"elementor-element elementor-element-e1e30c4 e-con-full e-flex e-con e-child\" data-id=\"e1e30c4\" data-element_type=\"container\" data-e-type=\"container\" data-settings=\"{&quot;background_background&quot;:&quot;classic&quot;}\">\n\t\t<div class=\"elementor-element elementor-element-9dfd053 e-grid e-con-full e-con e-child\" data-id=\"9dfd053\" data-element_type=\"container\" data-e-type=\"container\">\n\t\t<div class=\"elementor-element elementor-element-dc3b586 e-con-full e-flex e-con e-child\" data-id=\"dc3b586\" data-element_type=\"container\" data-e-type=\"container\">\n\t\t\t\t<\/div>\n\t\t<div class=\"elementor-element elementor-element-fbd2535 e-con-full e-flex e-con e-child\" data-id=\"fbd2535\" data-element_type=\"container\" data-e-type=\"container\">\n\t\t\t\t<\/div>\n\t\t<div class=\"elementor-element elementor-element-0ac15c2 e-con-full e-flex e-con e-child\" data-id=\"0ac15c2\" data-element_type=\"container\" data-e-type=\"container\">\n\t\t\t\t<div class=\"elementor-element elementor-element-2d4f0ed elementor-widget elementor-widget-image\" data-id=\"2d4f0ed\" data-element_type=\"widget\" data-e-type=\"widget\" data-widget_type=\"image.default\">\n\t\t\t\t\t\t\t\t\t\t\t\t\t\t\t<img fetchpriority=\"high\" decoding=\"async\" width=\"768\" height=\"620\" src=\"https:\/\/link.dalicechocolates.com.br\/wp-content\/uploads\/2026\/03\/LOGO2-Copia.png\" class=\"attachment-large size-large wp-image-4310\" alt=\"\" srcset=\"https:\/\/link.dalicechocolates.com.br\/wp-content\/uploads\/2026\/03\/LOGO2-Copia.png 768w, https:\/\/link.dalicechocolates.com.br\/wp-content\/uploads\/2026\/03\/LOGO2-Copia-300x242.png 300w\" sizes=\"(max-width: 768px) 100vw, 768px\" \/>\t\t\t\t\t\t\t\t\t\t\t\t\t\t\t<\/div>\n\t\t\t\t<\/div>\n\t\t<div class=\"elementor-element elementor-element-5ab8392 e-con-full e-flex e-con e-child\" data-id=\"5ab8392\" data-element_type=\"container\" data-e-type=\"container\">\n\t\t\t\t<div class=\"elementor-element elementor-element-de9aafc elementor-widget elementor-widget-spacer\" data-id=\"de9aafc\" data-element_type=\"widget\" data-e-type=\"widget\" data-widget_type=\"spacer.default\">\n\t\t\t\t\t\t\t<div class=\"elementor-spacer\">\n\t\t\t<div class=\"elementor-spacer-inner\"><\/div>\n\t\t<\/div>\n\t\t\t\t\t\t<\/div>\n\t\t\t\t<\/div>\n\t\t<a class=\"elementor-element elementor-element-ba3b565 e-con-full elementor-hidden-desktop elementor-hidden-tablet elementor-hidden-mobile e-flex e-con e-child\" data-id=\"ba3b565\" data-element_type=\"container\" data-e-type=\"container\" data-settings=\"{&quot;background_background&quot;:&quot;classic&quot;}\" href=\"https:\/\/drive.google.com\/file\/d\/1M11JLFJM6ibcz5FIWAdgzuOgpbXVKu_b\/view?usp=sharing\">\n\t\t\t\t<div class=\"elementor-element elementor-element-fed798c elementor-widget elementor-widget-heading\" data-id=\"fed798c\" data-element_type=\"widget\" data-e-type=\"widget\" data-widget_type=\"heading.default\">\n\t\t\t\t\t<h2 class=\"elementor-heading-title elementor-size-default\">Cat\u00e1logo P\u00e1scoa 2026<\/h2>\t\t\t\t<\/div>\n\t\t\t\t<\/a>\n\t\t<a class=\"elementor-element elementor-element-aa98c3d e-con-full e-flex e-con e-child\" data-id=\"aa98c3d\" data-element_type=\"container\" data-e-type=\"container\" data-settings=\"{&quot;background_background&quot;:&quot;classic&quot;}\" href=\"https:\/\/api.whatsapp.com\/send?l=pt&#038;phone=5542991610074&#038;text=Poderia%20me%20ajudar?\">\n\t\t\t\t<div class=\"elementor-element elementor-element-980e0fc elementor-widget elementor-widget-heading\" data-id=\"980e0fc\" data-element_type=\"widget\" data-e-type=\"widget\" data-widget_type=\"heading.default\">\n\t\t\t\t\t<h2 class=\"elementor-heading-title elementor-size-default\">Entre em contato pelo WhatsApp<\/h2>\t\t\t\t<\/div>\n\t\t\t\t<\/a>\n\t\t<a class=\"elementor-element elementor-element-db0c655 e-con-full e-flex e-con e-child\" data-id=\"db0c655\" data-element_type=\"container\" data-e-type=\"container\" data-settings=\"{&quot;background_background&quot;:&quot;classic&quot;}\" href=\"https:\/\/www.dalicechocolates.com.br\/\">\n\t\t\t\t<div class=\"elementor-element elementor-element-0389500 elementor-widget elementor-widget-heading\" data-id=\"0389500\" data-element_type=\"widget\" data-e-type=\"widget\" data-widget_type=\"heading.default\">\n\t\t\t\t\t<h2 class=\"elementor-heading-title elementor-size-default\">Acesse o nosso site<\/h2>\t\t\t\t<\/div>\n\t\t\t\t<\/a>\n\t\t<div class=\"elementor-element elementor-element-084101a e-con-full e-flex e-con e-child\" data-id=\"084101a\" data-element_type=\"container\" data-e-type=\"container\">\n\t\t\t\t<div class=\"elementor-element elementor-element-c060874 elementor-widget elementor-widget-spacer\" data-id=\"c060874\" data-element_type=\"widget\" data-e-type=\"widget\" data-widget_type=\"spacer.default\">\n\t\t\t\t\t\t\t<div class=\"elementor-spacer\">\n\t\t\t<div class=\"elementor-spacer-inner\"><\/div>\n\t\t<\/div>\n\t\t\t\t\t\t<\/div>\n\t\t\t\t<\/div>\n\t\t<a class=\"elementor-element elementor-element-327a7b0 e-con-full e-flex e-con e-child\" data-id=\"327a7b0\" data-element_type=\"container\" data-e-type=\"container\" data-settings=\"{&quot;background_background&quot;:&quot;classic&quot;}\" href=\"https:\/\/api.whatsapp.com\/send?l=pt&#038;phone=5542991610074&#038;text=Poderia%20me%20ajudar?\">\n\t\t\t\t<div class=\"elementor-element elementor-element-2525db4 elementor-widget elementor-widget-heading\" data-id=\"2525db4\" data-element_type=\"widget\" data-e-type=\"widget\" data-widget_type=\"heading.default\">\n\t\t\t\t\t<h2 class=\"elementor-heading-title elementor-size-default\">Or\u00e7amento especial para empresas<\/h2>\t\t\t\t<\/div>\n\t\t\t\t<\/a>\n\t\t<div class=\"elementor-element elementor-element-6194a56 e-con-full e-flex e-con e-child\" data-id=\"6194a56\" data-element_type=\"container\" data-e-type=\"container\">\n\t\t\t\t<div class=\"elementor-element elementor-element-ac7d7a4 elementor-widget elementor-widget-spacer\" data-id=\"ac7d7a4\" data-element_type=\"widget\" data-e-type=\"widget\" data-widget_type=\"spacer.default\">\n\t\t\t\t\t\t\t<div class=\"elementor-spacer\">\n\t\t\t<div class=\"elementor-spacer-inner\"><\/div>\n\t\t<\/div>\n\t\t\t\t\t\t<\/div>\n\t\t\t\t<\/div>\n\t\t\t\t<\/div>\n\t\t\t\t<\/div>\n\t\t\t\t\t<\/div>\n\t\t\t\t<\/div>\n\t\t\t\t<\/div>\n\t\t","protected":false},"excerpt":{"rendered":"<p>Cat\u00e1logo P\u00e1scoa 2026 Entre em contato pelo WhatsApp Acesse o nosso site Or\u00e7amento especial para empresas<\/p>\n","protected":false},"author":3,"featured_media":0,"parent":0,"menu_order":0,"comment_status":"closed","ping_status":"closed","template":"elementor_canvas","meta":{"footnotes":""},"class_list":["post-4201","page","type-page","status-publish","hentry"],"_links":{"self":[{"href":"https:\/\/link.dalicechocolates.com.br\/index.php?rest_route=\/wp\/v2\/pages\/4201","targetHints":{"allow":["GET"]}}],"collection":[{"href":"https:\/\/link.dalicechocolates.com.br\/index.php?rest_route=\/wp\/v2\/pages"}],"about":[{"href":"https:\/\/link.dalicechocolates.com.br\/index.php?rest_route=\/wp\/v2\/types\/page"}],"author":[{"embeddable":true,"href":"https:\/\/link.dalicechocolates.com.br\/index.php?rest_route=\/wp\/v2\/users\/3"}],"replies":[{"embeddable":true,"href":"https:\/\/link.dalicechocolates.com.br\/index.php?rest_route=%2Fwp%2Fv2%2Fcomments&post=4201"}],"version-history":[{"count":104,"href":"https:\/\/link.dalicechocolates.com.br\/index.php?rest_route=\/wp\/v2\/pages\/4201\/revisions"}],"predecessor-version":[{"id":4317,"href":"https:\/\/link.dalicechocolates.com.br\/index.php?rest_route=\/wp\/v2\/pages\/4201\/revisions\/4317"}],"wp:attachment":[{"href":"https:\/\/link.dalicechocolates.com.br\/index.php?rest_route=%2Fwp%2Fv2%2Fmedia&parent=4201"}],"curies":[{"name":"wp","href":"https:\/\/api.w.org\/{rel}","templated":true}]}}